e (-769)/(-9) + 16/(-36). What is the highest common factor of 51 and n?
17
Suppose -8*c = -9*c. Suppose c = 2*y - 98 - 62. What is the greatest common factor of 16 and y?
16
Suppose -6*v + 2880 = 39*v. What is the greatest common divisor of 96 and v?
32
Suppose 2*o = -54 + 6. Let d = o - -38. Let u(k) = 2*k**2 + 9*k - 12. Let a be u(4). Calculate the highest common factor of d and a.
14
Let t be 108/180 + (-2 - (-54)/10). Calculate the highest common factor of 6 and t.
2
Suppose 0 = 8*a - 16*a + 224. Let c be 8 - (-2)/2*-1. What is the highest common divisor of a and c?
7
Let u(h) = h**2 - 5*h. Let a(q) = q - 11. Let k be a(18). Let j be u(k). Calculate the highest common factor of 126 and j.
14
Let i be (-1)/(1716/856 + -2). Let k be 3 + i/(3 - 5). Calculate the greatest common factor of k and 10.
10
Let s(r) = r. Let q = 16 - 12. Let u be s(q). Suppose 5*d = -g + 451, -5*g + 10*g + 384 = u*d. Calculate the greatest common factor of d and 13.
13
Let i(z) = 2*z + 3 + 29*z**2 - 28*z**2 + 2. Let c be i(-6). What is the greatest common factor of c and 203?
29
Suppose 1 + 9 = -5*t. Let z be (0 + 1)*(7 + t). Let h = z + 2. Calculate the highest common factor of h and 14.
7
Let g = 340 + -241. Suppose 3*i - 43 = -5*l - 15, -52 = -5*i - 3*l. Calculate the highest common divisor of g and i.
11
Let d = -5 - -113. Let x(w) = 35*w - 34. Let f be x(2). What is the highest common divisor of d and f?
36
Suppose 0 = -5*s - c + 3, -s + 5*c + 2 + 9 = 0. Let k(y) = 14*y**2 + y. Let q be k(1). Suppose 15*w - q = 10*w. What is the greatest common factor of s and w?
1
Let j(y) = 3*y**2 - 98*y + 33. Let c be j(34). Calculate the highest common divisor of c and 13.
13
Let a(d) = -2*d**2 + 9*d + 1. Let l be a(4). Suppose q + 105 = 6*q + 5*r, -l*q = 2*r - 102. Calculate the highest common factor of 4 and q.
4
Let j = 308 + -235. What is the greatest common divisor of j and 73?
73
Let w(s) = -61*s + 19. Let q be w(-5). Suppose 0 = -2*n - 4*r - 20, -n + r - 9 = -2. Let g = n - -44. Calculate the greatest common divisor of q and g.
36
Let g be 795/35 - 6/(-21). Let o = g + -18. Suppose -2*d - o = -3*d. What is the highest common factor of d and 25?
5
Suppose 5*d = -3*c + 35 + 20, -4*c + 4*d + 84 = 0. Let z be 9/(((-8)/c)/((-12)/15)). What is the greatest common factor of 126 and z?
18
Let f = 31 - 20. Suppose f = 3*k - x - 4*x, 0 = 2*x - 10. Calculate the greatest common factor of 30 and k.
6
Let g(v) = v - 14. Let n be g(19). Suppose n*d = 2*t + 17, 5*d - 14 = 2*d + 5*t. What is the greatest common divisor of d and 24?
3
Suppose 5*q + b - 6*b - 240 = 0, 0 = -4*q + 2*b + 196. Let o = q - 23. Calculate the greatest common factor of 3 and o.
3
Let j be 242*(-7)/28 - (-2)/(-4). Let y = j - -90. What is the highest common factor of y and 29?
29
Suppose 0 = u - 5 + 37. Let b be u/(-3) - (0 + (-6)/(-9)). What is the greatest common factor of 70 and b?
10
Suppose -5*k = -5 - 10. Suppose v = r - k, -2 = -v - 2*r + 10. Let p be 24/(-2 + 4) - v. Calculate the greatest common factor of p and 10.
10
Let a(q) = -q**3 - 18*q**2 + 39*q - 53. Let v be a(-21). What is the highest common factor of 11 and v?
11
Let d(t) = 5*t**2 - 45*t - 44. Let x be d(-1). What is the highest common factor of 282 and x?
6
Suppose t + 4*t = 0. Suppose t = 2*z + z - b - 28, 5*z - 3*b - 52 = 0. Suppose z - 20 = -4*y. What is the greatest common factor of y and 9?
3
Let h(g) = -4*g**3 + 4*g**2. Let l be h(-3). Let u(z) = -37*z - 56. Let p be u(-5). Let y = 145 - p. Calculate the highest common factor of y and l.
16
Suppose -7*h + 4*h = -18. Suppose 36 = 42*d - 36*d. Calculate the greatest common factor of d and h.
6
Let f = 5 + -2. Let z(x) = 5*x**2 + 2*x**f + 3 - 2*x**2 - 6*x**2. Let s be z(3). Calculate the greatest common factor of 270 and s.
30
Suppose 5*o - 23 = -t, 17*o - 18 = 4*t + 15*o. Let f be (36/(-20) - -1)*15/t. What is the highest common divisor of 4 and f?
2
Let f(w) = 80*w - 1339. Let t be f(17). Let o = 22 - -83. What is the greatest common divisor of o and t?
21
Let z(y) = y**3 + 10*y**2 - y - 2. Let i be z(-10). Calculate the greatest common divisor of 72 and i.
8
Let z = -800 - -878. What is the greatest common factor of 143 and z?
13
Suppose 3*i = y + i + 5, -2*i - 34 = 2*y. Let u = 13 - y. Calculate the highest common factor of u and 13.
13
Let j(f) = 51*f**2 - f - 2. Let i be j(-1). Let s be (i/(-6))/(1/(-3)) + -1. What is the greatest common divisor of s and 48?
24
Let b(d) be the third derivative of 0*d - d**2 + 0 - 7/6*d**3 + 1/12*d**4. Let f be b(4). What is the highest common factor of f and 11?
1
Let w be -7 + (7 - -1) + 67. Calculate the highest common divisor of 85 and w.
17
Let x(t) = -2*t**2 - 5*t - 1. Let y(z) = 3*z**2 + 9*z + 2. Let w(b) = -5*x(b) - 3*y(b). Let o be w(5). What is the greatest common divisor of 7 and o?
7
Let f(w) = -2*w**2 - 3*w - 5*w + w**2 + 5*w - 2. Let p be f(-3). Let i be (-3 - p) + 2 + 9. What is the highest common factor of i and 50?
10
Suppose 0*m = -2*m - 80. Let k be (m/12)/(6/(-18)). Calculate the greatest common divisor of 100 and k.
10
Suppose -5*q - 25 = -10*q. Suppose -3*y - 95 = -q*a, 0 = -a + 4*y + 34 + 2. Calculate the greatest common factor of a and 40.
8
Let a(f) = 11*f + 220. Let j be a(-18). Suppose 96 = 4*d - 5*y, 5*y - 97 = -4*d - 41. Suppose 74 - d = m. Calculate the greatest common factor of m and j.
11
Let w = 2319 + -2317. Suppose -g = 3*g - 24. What is the highest common divisor of g and w?
2
Let z(f) = 18*f**3 + 7*f**2 - 16*f + 18. Let u be z(4). Calculate the greatest common divisor of u and 84.
42
Let y = -29 - -53. Suppose -t = z - 2*z + 8, 5*z - y = t. Calculate the highest common divisor of 32 and z.
4
Let l(o) = o**2 - 13*o + 14. Let f be (-4)/(-5) - 280/(-25). Let k be l(f). What is the greatest common divisor of 10 and k?
2
Let c be (-24)/(-4) + -3 + 7. Suppose 0 = 2*l + c, -3*l = -n + 2*l + 28. Suppose 2*k - 25 + n = -z, 0 = -z. What is the greatest common divisor of 55 and k?
11
Let z = 10 - -6. Let a be (4/(-2))/((-1)/12). Calculate the greatest common factor of a and z.
8
Suppose -13*b + 21*b = 40. Calculate the greatest common factor of b and 20.
5
Let h(p) = -p**3 + 49*p**2 - 46*p - 13. Let i be h(48). Calculate the highest common factor of i and 1328.
83
Let w = 665 - 658. What is the greatest common factor of w and 259?
7
Let v(r) be the first derivative of -r**2 + 15*r + 31. Let i be v(4). What is the highest common divisor of 7 and i?
7
Suppose 0 = -2*q - 4, 0 = -5*v - 8*q + 11*q + 96. What is the highest common factor of 18 and v?
18
Suppose 526 + 62 = 7*c. Calculate the greatest common divisor of c and 63.
21
Suppose -4*i + 4*s + 557 = s, 0 = -3*i - 3*s + 423. Calculate the greatest common divisor of 200 and i.
20
Suppose 4*c = 3*q + 59, 0 = c + q + 2 - 15. What is the greatest common divisor of c and 91?
7
Suppose 2*k + 8 = 0, 5*i + 7*k + 36 = 3*k. Let z be 11 + (-8)/i + -2. What is the greatest common factor of z and 143?
11
Suppose 84 = 9*s - 15. What is the greatest common divisor of s and 1859?
11
Let f be -9*(85/15 + -6) - -205. Calculate the highest common factor of f and 40.
8
Suppose 3*w = -l + 2*l - 232, 0 = 5*w - 5*l + 400. Let a = -54 - w. What is the highest common factor of a and 22?
22
Let h be 44/11 + -1*1. Let k(b) = b**2 + 5*b - 2. Let f be k(h). Let x = 86 - -90. What is the highest common divisor of f and x?
22
Let f(c) = c**2 + 2*c - 21. Let a be f(-5). Let d be (2/(-4))/(a/480). Calculate the highest common divisor of d and 280.
40
Let q = 1 + 15. Let x be -3 - 0 - (2 - 337). Suppose -3*y + s + 236 = -296, 2*y + 5*s - x = 0. What is the greatest common factor of y and q?
16
Let z(r) = -r**2 + 23. Let w be z(0). Calculate the highest common divisor of w and 253.
23
Let p(d) = -3*d**3 + 2*d**2 - d + 352. Let m be p(0). Calculate the highest common divisor of 11 and m.
11
Let n = 103 + -127. Let u = n + 39. What is the highest common divisor of 255 and u?
15
Suppose 4*b - 1668 = 540. What is the highest common divisor of 72 and b?
24
Let n(d) = -19*d**3 + 3*d**2 + 49*d + 47. Let f be n(-1). Let r(p) = 5*p**2 - p + 4. Let o be r(4). What is the highest common divisor of f and o?
20
Let v(a) = -a**3 + 2*a**2 + 4*a + 1. Let i be v(-2). Suppose 457 = i*j - 83. Calculate the highest common